 highest common factor of m and 8?
8
Suppose 5*x = -5*b - 10, -4*b + 10 = 30. Calculate the greatest common divisor of x and 1.
1
Let n = -11 - -22. Calculate the greatest common factor of n and 121.
11
Suppose -649 = -3*o + z, z = 5*o - 2*z - 1083. Suppose 72 = 4*d - d. What is the highest common factor of d and o?
24
Suppose -14*a + 23*a - 162 = 0. Let v = 56 + -29. Calculate the highest common divisor of v and a.
9
Let g(p) = 2*p**2 - 11*p - 8. Let b be g(8). Suppose 5*m - 38 = b. Let n = -5 + m. Calculate the greatest common factor of 81 and n.
9
Suppose 0*v - 64 = -4*v. What is the greatest common factor of 16 and v?
16
Let r = 211 - 111. Calculate the greatest common factor of r and 25.
25
Suppose 6*c - 156 - 48 = 0. Calculate the greatest common divisor of 51 and c.
17
Let q = -87 + 89. What is the highest common divisor of q and 18?
2
Let n = 60 - 60. Suppose -2*o - 4*b - 18 = 0, -2*b = 4*o + o + 13. Let z be (3 - (o - 18)) + n. Calculate the highest common factor of 198 and z.
22
Let k be (3 + 0)*(-3)/(-1). Let w(i) = -i**2 + 8*i + 2. Let r be w(8). Suppose -p + r*p - 45 = 0. What is the highest common factor of k and p?
9
Let g = -8 - -17. Suppose 3*v - g + 0 = 0. Let t(i) = 8*i - 2. Let d be t(v). What is the greatest common factor of d and 33?
11
Suppose 3*i - 213 = -21. Calculate the highest common divisor of 192 and i.
64
Let m(c) = c**2 + 4*c + 1. Let q be m(-4). What is the greatest common factor of 8 and q?
1
Suppose 2*j - 40 = -6. Let i(f) = -20*f - 7. Let y be i(-8). Calculate the highest common factor of y and j.
17
Let b(q) = -4*q + 6. Let x be b(-6). Suppose 11*i = 14*i - x. Calculate the highest common factor of 4 and i.
2
Suppose 26*u + 12 = 30*u. Let r(i) = 15*i**2. Let z be r(-1). Calculate the greatest common divisor of z and u.
3
Suppose -16*k + 10*k = -72. Let b(c) = 5*c**2. Let w be b(-1). Let o be ((-54)/(-15))/(1/w). What is the greatest common factor of k and o?
6
Suppose c - 3*c = -38. What is the greatest common factor of c and 95?
19
Suppose 5*a = 23*a - 54. What is the greatest common factor of a and 15?
3
Let u be (-435)/(-2)*(-14)/(-21). What is the greatest common divisor of 29 and u?
29
Let i = 43 + -33. Calculate the highest common divisor of 90 and i.
10
Let v be -2*(-3 - (-4)/(-8)). Let j(h) = -h**2 + 7*h + 15. Let d be j(v). Let r be (-601)/(-4) + (-1)/4. What is the greatest common divisor of r and d?
15
Let b = -6 - -61. What is the greatest common factor of b and 22?
11
Let l = 67 + -43. Let o = 28 - 12. Calculate the highest common factor of l and o.
8
Let b = 145 + -125. Calculate the greatest common factor of b and 15.
5
Let g be (42/(-28))/(3/(-4)). Suppose -4*u + 55 = -209. Suppose -u = -s + 2*y, 3*s - g*y - 126 = s. What is the greatest common divisor of s and 15?
15
Let s be (1*(-3 - -2))/(-1). Let k be s/3 + 52/6. What is the highest common divisor of k and 81?
9
Let q = -134 + 251. What is the greatest common factor of 9 and q?
9
Let k(w) = w**2 + 1. Let n be (-6)/(-8) - (-1)/4. Let i be k(n). Let z be (-5)/2*(-4)/i. What is the highest common divisor of z and 20?
5
Let d(j) = -2*j - 25. Let v be d(-15). Calculate the greatest common factor of v and 20.
5
Suppose -2*i + 26 = 3*t - 381, -t - 5*i = -140. What is the greatest common factor of t and 27?
27
Let y(w) = 4*w + 3. Let l be y(-2). Let a be 876/10 + (-2)/l. Calculate the highest common factor of a and 11.
11
Suppose 3*d - 4 = 2*d. Suppose 19 = -d*f + 51. Let o = 46 - 30. What is the greatest common divisor of f and o?
8
Let f(j) = j**2 + 4*j - 5. Let d be f(-5). Suppose d*c - 5*c + 60 = 0. Let g(i) = -32*i - 2. Let x be g(-1). Calculate the greatest common divisor of x and c.
6
Let m(y) = 2*y**2 + 24*y - 8. Let j be m(-13). Let p(i) = -i**3 - 5*i**2 - 7*i - 6. Let l be p(-4). Calculate the greatest common factor of j and l.
6
Suppose -4*w = -4*q - 16, 2*q - 12 - 10 = -4*w. What is the highest common factor of w and 20?
5
Suppose 3*t = -4*k + 20, -3*k + 0*t = -4*t + 10. Let q be 0/(1 + 3) + k. What is the highest common factor of 1 and q?
1
Suppose -5*p + 28 = 3*u, -2*u + p + 44 = -2*p. What is the highest common divisor of u and 96?
16
Let n(o) = 5*o**2 + o + 2. Let i be n(2). Let l(g) = 3 - 5 - 265*g + 1. Let p be l(-1). What is the greatest common factor of p and i?
24
Suppose 3*y = -0 + 60. Let g = 33 - y. What is the highest common divisor of 13 and g?
13
Let l be (-1)/(-2*2/(-1712)). Let c = -252 - l. Calculate the highest common factor of 16 and c.
16
Suppose -2*c + 0*c = 4*d - 16, -c + 5*d - 13 = 0. Suppose -109 = 3*f - c*f. Let o = f + 241. What is the highest common divisor of o and 12?
12
Let t be (-20)/(-8)*(228/(-10))/(-3). Calculate the highest common divisor of t and 171.
19
Let n = 1 + 4. Suppose -150 = -0*y - n*y. Let f(u) = 7*u**2 - 5*u - 3. Let l be f(-3). Calculate the highest common factor of y and l.
15
Let q = 9 - 13. Let z be 1653/6 + 2/q. Calculate the greatest common divisor of z and 25.
25
Let f be (4 - 7/4)*16. Calculate the highest common factor of f and 144.
36
Let h(o) = 16*o - 6. Let j be h(10). Let g = 29 - 15. What is the greatest common divisor of g and j?
14
Let w = -76 + 85. Calculate the highest common divisor of 81 and w.
9
Let r = 91 + -65. Calculate the greatest common factor of 13 and r.
13
Suppose 5*q = 127 - 42. What is the greatest common factor of q and 17?
17
Suppose 4 + 2 = 3*f. Suppose 2*c - 116 = -f*u + 3*c, 5*c - 320 = -5*u. What is the highest common divisor of 10 and u?
10
Suppose -2*j + 56 = 4. Suppose -16 - j = -3*v. Let c = -3 - -17. What is the highest common factor of v and c?
14
Let y = 27 - 3. Suppose -2*w - 5*t + 45 = 3*w, w = -4*t. What is the highest common divisor of w and y?
12
Suppose -17 = -5*y + z + 2, 2*z - 18 = -4*y. What is the greatest common factor of y and 28?
4
Let z be (5/2)/((-2)/(-4)). Let f be (0 - (2 - 4))*5. Suppose 3*j = 2*j + f. Calculate the greatest common divisor of z and j.
5
Suppose -11*a + 6*a + 80 = 0. Calculate the greatest common divisor of 16 and a.
16
Suppose 2*j + 0 = 6. Let y be (-12)/(j - (-27)/(-6)). Calculate the highest common factor of y and 20.
4
Let g(l) = l**3 - 3*l**2 - 8*l + 7. Let d be g(7). Suppose -2*h + d = k - h, 4*h + 699 = 5*k. Calculate the highest common factor of 13 and k.
13
Let y(w) = -w - 4. Let j be y(-7). Calculate the greatest common divisor of j and 4.
1
Let h(t) = -t**3 + 5*t**2 + 6*t - 3. Let j be h(6). Let x be j + (-5)/(20/(-156)). What is the greatest common divisor of x and 90?
18
Suppose 2*y - 10 = 4. Suppose -4*o - 33 = -y*o. Suppose 2*r + 2*q + 3*q = 193, 391 = 4*r + 5*q. What is the highest common divisor of r and o?
11
Suppose 6 = -3*h, -1 - 1 = -5*w - 4*h. What is the highest common divisor of 5 and w?
1
Let v = 7 - -3. Calculate the highest common factor of v and 80.
10
Suppose 0 = 2*v + v - 21. Let x be ((-28)/(-6))/((-4)/(-6)). What is the greatest common factor of v and x?
7
Suppose 32 = o - 4*n, -16 = 2*o - n - 87. Suppose -3*f - o = -4*c + 20, -c + 2*f + 19 = 0. Calculate the greatest common divisor of c and 55.
11
Suppose -154 = 52*g - 54*g. What is the greatest common factor of 7 and g?
7
Let s(b) = -3*b - 2. Let v be s(-3). Let p(t) = -t + 21. Let y be p(-7). Calculate the highest common factor of v and y.
7
Let x(f) = 10*f**2 + f + 3. Let k be x(-3). Let c = -28 - -38. Calculate the greatest common factor of c and k.
10
Let d = 38 - 36. Calculate the greatest common divisor of 14 and d.
2
Let a be -2 + (3/(-4))/((-7)/308). Suppose -832 = -3*f + h, -6*h + 1420 = 5*f - h. Calculate the greatest common factor of f and a.
31
Let z = -374 - -381. Let u = 25 - -3. What is the greatest common divisor of z and u?
7
Let p = 256 - 166. Let q be (4/5)/(2/p). Calculate the greatest common divisor of q and 54.
18
Let t = -12 - -17. Let m be -3 + t*(2 - 0). Calculate the greatest common divisor of 35 and m.
7
Let r(y) = y**2 - 16*y - 21. Let g be r(18). What is the highest common divisor of g and 5?
5
Let p(w) = -383*w - 3. Let z be p(-1). Calculate the greatest common factor of 38 and z.
38
Let v be 14/4*4/2. Suppose 29 = 2*b + m, 2*b = 4*b + 4*m - 32. Calculate the greatest common factor of b and v.
7
Suppose 5*a + 15 + 15 = 0. Let o be (-52)/(-10) + a/30. Calculate the greatest common divisor of 